{"id":24,"date":"2020-11-05T03:40:39","date_gmt":"2020-11-05T03:40:39","guid":{"rendered":"https:\/\/radiustheme.com\/demo\/wordpress\/themes\/roofix\/?page_id=24"},"modified":"2024-10-31T19:16:56","modified_gmt":"2024-10-31T19:16:56","slug":"kurumsal","status":"publish","type":"page","link":"https:\/\/metsanaluminyum.com\/v1\/kurumsal\/","title":{"rendered":"Kurumsal"},"content":{"rendered":"\t\t<div data-elementor-type=\"wp-page\" data-elementor-id=\"24\" class=\"elementor elementor-24\" data-elementor-post-type=\"page\">\n\t\t\t\t\t\t<section class=\"elementor-section elementor-top-section elementor-element elementor-element-7e1b73d5 elementor-section-stretched elementor-section-boxed elementor-section-height-default elementor-section-height-default\" data-id=\"7e1b73d5\" data-element_type=\"section\" data-settings=\"{&quot;background_background&quot;:&quot;classic&quot;,&quot;stretch_section&quot;:&quot;section-stretched&quot;}\">\n\t\t\t\t\t\t\t<div class=\"elementor-background-overlay\"><\/div>\n\t\t\t\t\t\t\t<div class=\"elementor-container elementor-column-gap-default\">\n\t\t\t\t\t<div class=\"elementor-column elementor-col-50 elementor-top-column elementor-element elementor-element-4147d564\" data-id=\"4147d564\" data-element_type=\"column\">\n\t\t\t<div class=\"elementor-widget-wrap elementor-element-populated\">\n\t\t\t\t\t\t<div class=\"elementor-element elementor-element-2f5753b0 elementor-widget elementor-widget-rt-title\" data-id=\"2f5753b0\" data-element_type=\"widget\" data-widget_type=\"rt-title.default\">\n\t\t\t\t<div class=\"elementor-widget-container\">\n\t\t\t<div class=\"heading-default-layout heading-layout1new\">\t\t\t\n\t\t\t<div class=\"item-beforetitle item-subtitle\">Metsan Aluminyum<\/div>\t\t\n\t\t<h2 class=\"item-title\"> Kurumsal <\/h2>\n\t\t<\/div>\n\t\t<\/div>\n\t\t\t\t<\/div>\n\t\t\t\t<div class=\"elementor-element elementor-element-5b5d93f elementor-widget elementor-widget-text-editor\" data-id=\"5b5d93f\" data-element_type=\"widget\" data-widget_type=\"text-editor.default\">\n\t\t\t\t<div class=\"elementor-widget-container\">\n\t\t\t<style>\/*! elementor - v3.22.0 - 24-06-2024 *\/\n.elementor-widget-text-editor.elementor-drop-cap-view-stacked .elementor-drop-cap{background-color:#69727d;color:#fff}.elementor-widget-text-editor.elementor-drop-cap-view-framed .elementor-drop-cap{color:#69727d;border:3px solid;background-color:transparent}.elementor-widget-text-editor:not(.elementor-drop-cap-view-default) .elementor-drop-cap{margin-top:8px}.elementor-widget-text-editor:not(.elementor-drop-cap-view-default) .elementor-drop-cap-letter{width:1em;height:1em}.elementor-widget-text-editor .elementor-drop-cap{float:left;text-align:center;line-height:1;font-size:50px}.elementor-widget-text-editor .elementor-drop-cap-letter{display:inline-block}<\/style>\t\t\t\t<p>Metsan Aluminyum, aluminyum k\u00fcpe\u015fte ve do\u011frama aksesuarlar\u0131 \u00fcretiminde lider bir firma olarak sekt\u00f6rdeki yerini alm\u0131\u015ft\u0131r. Y\u00fcksek kaliteli malzemeler ve modern \u00fcretim teknikleri kullanarak, hem estetik hem de dayan\u0131kl\u0131l\u0131k a\u00e7\u0131s\u0131ndan en iyi \u00fcr\u00fcnleri sunmay\u0131 hedefliyoruz.<\/p>\t\t\t\t\t\t<\/div>\n\t\t\t\t<\/div>\n\t\t\t\t<div class=\"elementor-element elementor-element-715d3ec7 elementor-widget elementor-widget-text-editor\" data-id=\"715d3ec7\" data-element_type=\"widget\" data-widget_type=\"text-editor.default\">\n\t\t\t\t<div class=\"elementor-widget-container\">\n\t\t\t\t\t\t\t<p>Vizyonumuz, sekt\u00f6rdeki\u00a0 yenilik\u00e7i ve s\u00fcrd\u00fcr\u00fclebilir \u00e7\u00f6z\u00fcmler sunarak m\u00fc\u015fteri memnuniyetini en \u00fcst d\u00fczeye \u00e7\u0131karmakt\u0131r. Misyonumuz ise, kaliteli \u00fcr\u00fcnlerimizle g\u00fcvenli\u011fi ve esteti\u011fi bir araya getirerek sekt\u00f6rdeki standartlar\u0131 y\u00fckseltmektir.<\/p>\t\t\t\t\t\t<\/div>\n\t\t\t\t<\/div>\n\t\t\t\t\t<\/div>\n\t\t<\/div>\n\t\t\t\t<div class=\"elementor-column elementor-col-50 elementor-top-column elementor-element elementor-element-7476494 elementor-invisible\" data-id=\"7476494\" data-element_type=\"column\" data-settings=\"{&quot;animation&quot;:&quot;fadeInRight&quot;}\">\n\t\t\t<div class=\"elementor-widget-wrap elementor-element-populated\">\n\t\t\t\t\t\t<div class=\"elementor-element elementor-element-1ee41d0c elementor-widget elementor-widget-image\" data-id=\"1ee41d0c\" data-element_type=\"widget\" data-widget_type=\"image.default\">\n\t\t\t\t<div class=\"elementor-widget-container\">\n\t\t\t<style>\/*! elementor - v3.22.0 - 24-06-2024 *\/\n.elementor-widget-image{text-align:center}.elementor-widget-image a{display:inline-block}.elementor-widget-image a img[src$=\".svg\"]{width:48px}.elementor-widget-image img{vertical-align:middle;display:inline-block}<\/style>\t\t\t\t\t\t\t\t\t\t<img fetchpriority=\"high\" decoding=\"async\" width=\"1264\" height=\"760\" src=\"https:\/\/metsanaluminyum.com\/v1\/wp-content\/uploads\/2024\/10\/kupeste.jpg\" class=\"attachment-full size-full wp-image-4608\" alt=\"\" srcset=\"https:\/\/metsanaluminyum.com\/v1\/wp-content\/uploads\/2024\/10\/kupeste.jpg 1264w, https:\/\/metsanaluminyum.com\/v1\/wp-content\/uploads\/2024\/10\/kupeste-300x180.jpg 300w, https:\/\/metsanaluminyum.com\/v1\/wp-content\/uploads\/2024\/10\/kupeste-1024x616.jpg 1024w, https:\/\/metsanaluminyum.com\/v1\/wp-content\/uploads\/2024\/10\/kupeste-768x462.jpg 768w, https:\/\/metsanaluminyum.com\/v1\/wp-content\/uploads\/2024\/10\/kupeste-155x93.jpg 155w\" sizes=\"(max-width: 1264px) 100vw, 1264px\" \/>\t\t\t\t\t\t\t\t\t\t\t\t\t<\/div>\n\t\t\t\t<\/div>\n\t\t\t\t\t<\/div>\n\t\t<\/div>\n\t\t\t\t\t<\/div>\n\t\t<\/section>\n\t\t\t\t<\/div>\n\t\t","protected":false},"excerpt":{"rendered":"<p>Metsan Aluminyum Kurumsal Metsan Aluminyum, aluminyum k\u00fcpe\u015fte ve do\u011frama aksesuarlar\u0131 \u00fcretiminde lider bir firma olarak sekt\u00f6rdeki yerini alm\u0131\u015ft\u0131r. Y\u00fcksek kaliteli malzemeler ve modern \u00fcretim teknikleri kullanarak, hem estetik hem de dayan\u0131kl\u0131l\u0131k a\u00e7\u0131s\u0131ndan en iyi \u00fcr\u00fcnleri sunmay\u0131 hedefliyoruz. Vizyonumuz, sekt\u00f6rdeki\u00a0 yenilik\u00e7i ve s\u00fcrd\u00fcr\u00fclebilir \u00e7\u00f6z\u00fcmler sunarak m\u00fc\u015fteri memnuniyetini en \u00fcst d\u00fczeye \u00e7\u0131karmakt\u0131r. Misyonumuz ise, kaliteli \u00fcr\u00fcnlerimizle g\u00fcvenli\u011fi&#8230;<\/p>\n","protected":false},"author":1,"featured_media":0,"parent":0,"menu_order":0,"comment_status":"closed","ping_status":"closed","template":"elementor_header_footer","meta":{"footnotes":""},"class_list":["post-24","page","type-page","status-publish","hentry"],"_links":{"self":[{"href":"https:\/\/metsanaluminyum.com\/v1\/wp-json\/wp\/v2\/pages\/24","targetHints":{"allow":["GET"]}}],"collection":[{"href":"https:\/\/metsanaluminyum.com\/v1\/wp-json\/wp\/v2\/pages"}],"about":[{"href":"https:\/\/metsanaluminyum.com\/v1\/wp-json\/wp\/v2\/types\/page"}],"author":[{"embeddable":true,"href":"https:\/\/metsanaluminyum.com\/v1\/wp-json\/wp\/v2\/users\/1"}],"replies":[{"embeddable":true,"href":"https:\/\/metsanaluminyum.com\/v1\/wp-json\/wp\/v2\/comments?post=24"}],"version-history":[{"count":9,"href":"https:\/\/metsanaluminyum.com\/v1\/wp-json\/wp\/v2\/pages\/24\/revisions"}],"predecessor-version":[{"id":4611,"href":"https:\/\/metsanaluminyum.com\/v1\/wp-json\/wp\/v2\/pages\/24\/revisions\/4611"}],"wp:attachment":[{"href":"https:\/\/metsanaluminyum.com\/v1\/wp-json\/wp\/v2\/media?parent=24"}],"curies":[{"name":"wp","href":"https:\/\/api.w.org\/{rel}","templated":true}]}}