{"id":18,"date":"2020-11-05T03:39:24","date_gmt":"2020-11-05T03:39:24","guid":{"rendered":"https:\/\/radiustheme.com\/demo\/wordpress\/themes\/roofix\/?page_id=18"},"modified":"2024-12-24T18:59:57","modified_gmt":"2024-12-24T18:59:57","slug":"home1","status":"publish","type":"page","link":"https:\/\/metsanaluminyum.com\/v1\/","title":{"rendered":"Home1"},"content":{"rendered":"\t\t<div data-elementor-type=\"wp-page\" data-elementor-id=\"18\" class=\"elementor elementor-18\" data-elementor-post-type=\"page\">\n\t\t\t\t\t\t<section class=\"elementor-section elementor-top-section elementor-element elementor-element-f40dc51 elementor-section-full_width elementor-section-height-min-height elementor-section-height-default elementor-section-items-middle\" data-id=\"f40dc51\" data-element_type=\"section\">\n\t\t\t\t\t\t<div class=\"elementor-container elementor-column-gap-no\">\n\t\t\t\t\t<div class=\"elementor-column elementor-col-100 elementor-top-column elementor-element elementor-element-6320d4d\" data-id=\"6320d4d\" data-element_type=\"column\">\n\t\t\t<div class=\"elementor-widget-wrap elementor-element-populated\">\n\t\t\t\t\t\t<div class=\"elementor-element elementor-element-efbacc2 elementor-widget elementor-widget-slider_revolution\" data-id=\"efbacc2\" data-element_type=\"widget\" data-widget_type=\"slider_revolution.default\">\n\t\t\t\t<div class=\"elementor-widget-container\">\n\t\t\t\n\t\t<div class=\"wp-block-themepunch-revslider\">\n\t\t\t\t<p class=\"rs-p-wp-fix\"><\/p>\n\t\t\t\t<sr7-module data-alias=\"home-1\" data-id=\"1\" id=\"SR7_1_1\" class=\"rs-ov-hidden\" data-version=\"6.7.19\">\n\t\t\t\t\t<sr7-adjuster><\/sr7-adjuster>\n\t\t\t\t\t<sr7-content>\n\t\t\t\t\t\t<sr7-slide id=\"SR7_1_1-1\" data-key=\"1\">\n\t\t\t\t\t\t\t<sr7-bg id=\"SR7_1_1-1-8\" class=\"sr7-layer\"><noscript><img decoding=\"async\" src=\"https:\/\/metsanaluminyum.com\/v1\/wp-content\/uploads\/2024\/12\/slider1s.png\" alt=\"\" title=\"slider1s\"><\/noscript><\/sr7-bg>\n\t\t\t\t\t\t\t<a id=\"SR7_1_1-1-1\" class=\"sr7-layer\" href=\"https:\/\/metsanaluminyum.com\/v1\/teklif-al\" target=\"_self\" rel=\"nofollow\"><\/a>\n\t\t\t\t\t\t\t<a id=\"SR7_1_1-1-7\" class=\"sr7-layer\" href=\"https:\/\/metsanaluminyum.com\/v1\/teklif-al\" target=\"_self\"><\/a>\n\t\t\t\t\t\t<\/sr7-slide>\n\t\t\t\t\t\t<sr7-slide id=\"SR7_1_1-21\" data-key=\"21\">\n\t\t\t\t\t\t\t<sr7-bg id=\"SR7_1_1-21-1\" class=\"sr7-layer\"><noscript><img decoding=\"async\" src=\"https:\/\/metsanaluminyum.com\/v1\/wp-content\/uploads\/2024\/12\/slider1s-1-1536x732.png\" alt=\"\" title=\"slider1s\"><\/noscript><\/sr7-bg>\n\t\t\t\t\t\t<\/sr7-slide>\n\t\t\t\t\t\t<sr7-slide id=\"SR7_1_1-7\" data-key=\"7\">\n\t\t\t\t\t\t<\/sr7-slide>\n\t\t\t\t\t<\/sr7-content>\n\t\t\t\t\t<image_lists style=\"display:none\">\n\t\t\t\t\t\t<img data-src=\"\/\/metsanaluminyum.com\/v1\/wp-content\/uploads\/2024\/10\/maksesuar-11.png\" data-libid=\"4414\" data-lib=\"medialibrary\" title=\"maksesuar-1[1]\" width=\"0\" height=\"0\" data-dbsrc=\"Ly9tZXRzYW5hbHVtaW55dW0uY29tL3YxL3dwLWNvbnRlbnQvdXBsb2Fkcy8yMDI0LzEwL21ha3Nlc3Vhci0xMS5wbmc=\"\/>\n\t\t\t\t\t\t<img data-src=\"\/\/metsanaluminyum.com\/v1\/wp-content\/uploads\/2024\/12\/slider1s.png\" data-libid=\"4683\" data-lib=\"medialibrary\" title=\"slider1s\" width=\"0\" height=\"0\" data-dbsrc=\"Ly9tZXRzYW5hbHVtaW55dW0uY29tL3YxL3dwLWNvbnRlbnQvdXBsb2Fkcy8yMDI0LzEyL3NsaWRlcjFzLnBuZw==\"\/>\n\t\t\t\t\t\t<img data-src=\"\/\/metsanaluminyum.com\/v1\/wp-content\/uploads\/2024\/12\/slider1s-1-1536x732.png\" data-libid=\"4684\" data-lib=\"medialibrary\" title=\"slider1s\" width=\"0\" height=\"0\" data-dbsrc=\"Ly9tZXRzYW5hbHVtaW55dW0uY29tL3YxL3dwLWNvbnRlbnQvdXBsb2Fkcy8yMDI0LzEyL3NsaWRlcjFzLTEtMTUzNng3MzIucG5n\"\/>\n\t\t\t\t\t<\/image_lists>\n\t\t\t\t<\/sr7-module>\n\t\t\t\t<script>\n\t\t\t\t\tSR7.PMH ??={}; SR7.PMH[\"SR7_1_1\"] = {cn:0,state:false,fn: function() { if (_tpt!==undefined && _tpt.prepareModuleHeight !== undefined) {  _tpt.prepareModuleHeight({id:\"SR7_1_1\",el:[800,800,700,480,450],type:'standard',shdw:'0',gh:[800,800,700,480,450],gw:[1240,1240,1024,778,480],vpt:['-200px&#039;,&#039;-200px&#039;,&#039;-200px&#039;,&#039;-200px&#039;,&#039;-200px'],size:{fullWidth:true, fullHeight:false},mh:'0',onh:0,onw:0,bg:{color:'{\"orig\":\"transparent\",\"type\":\"solid\",\"string\":\"transparent\"}'},plType:'0',plColor:'#FFFFFF'});   SR7.PMH[\"SR7_1_1\"].state=true;} else if((SR7.PMH[\"SR7_1_1\"].cn++)<100)\tsetTimeout( SR7.PMH[\"SR7_1_1\"].fn,19);}};SR7.PMH[\"SR7_1_1\" ].fn();\n\t\t\t\t<\/script>\n<\/div>\n\n\t\t\t\t<\/div>\n\t\t\t\t<\/div>\n\t\t\t\t\t<\/div>\n\t\t<\/div>\n\t\t\t\t\t<\/div>\n\t\t<\/section>\n\t\t\t\t<section class=\"elementor-section elementor-top-section elementor-element elementor-element-56eb919 elementor-section-boxed elementor-section-height-default elementor-section-height-default\" data-id=\"56eb919\" data-element_type=\"section\">\n\t\t\t\t\t\t\t<div class=\"elementor-background-overlay\"><\/div>\n\t\t\t\t\t\t\t<div class=\"elementor-container elementor-column-gap-default\">\n\t\t\t\t\t<div class=\"elementor-column elementor-col-100 elementor-top-column elementor-element elementor-element-43b7764\" data-id=\"43b7764\" data-element_type=\"column\">\n\t\t\t<div class=\"elementor-widget-wrap elementor-element-populated\">\n\t\t\t\t\t\t<div class=\"elementor-element elementor-element-a4c4e25 elementor-headline--style-rotate elementor-widget elementor-widget-animated-headline\" data-id=\"a4c4e25\" data-element_type=\"widget\" data-settings=\"{&quot;headline_style&quot;:&quot;rotate&quot;,&quot;rotating_text&quot;:&quot;Sipari\\u015f Vermek i\\u00e7in\\nL\\u00fcften Bizi Aray\\u0131n.\\nGsm : 0532 498 86 91 \\nya da \\nWhatShapp Hatt\\u0131m\\u0131zdan Bize ula\\u015f\\u0131n\\u0131z.&quot;,&quot;animation_type&quot;:&quot;typing&quot;,&quot;loop&quot;:&quot;yes&quot;,&quot;rotate_iteration_delay&quot;:2500}\" data-widget_type=\"animated-headline.default\">\n\t\t\t\t<div class=\"elementor-widget-container\">\n\t\t\t<link rel=\"stylesheet\" href=\"https:\/\/metsanaluminyum.com\/v1\/wp-content\/plugins\/elementor-pro\/assets\/css\/widget-animated-headline.min.css\">\t\t<h3 class=\"elementor-headline elementor-headline-animation-type-typing elementor-headline-letters\">\n\t\t\t\t\t<span class=\"elementor-headline-plain-text elementor-headline-text-wrapper\">Metsan Aluminyum:<\/span>\n\t\t\t\t<span class=\"elementor-headline-dynamic-wrapper elementor-headline-text-wrapper\">\n\t\t\t\t\t<span class=\"elementor-headline-dynamic-text elementor-headline-text-active\">\n\t\t\t\tSipari\u015f&nbsp;Vermek&nbsp;i\u00e7in\t\t\t<\/span>\n\t\t\t\t\t<span class=\"elementor-headline-dynamic-text\">\n\t\t\t\tL\u00fcften&nbsp;Bizi&nbsp;Aray\u0131n.\t\t\t<\/span>\n\t\t\t\t\t<span class=\"elementor-headline-dynamic-text\">\n\t\t\t\tGsm&nbsp;:&nbsp;0532&nbsp;498&nbsp;86&nbsp;91&nbsp;\t\t\t<\/span>\n\t\t\t\t\t<span class=\"elementor-headline-dynamic-text\">\n\t\t\t\tya&nbsp;da&nbsp;\t\t\t<\/span>\n\t\t\t\t\t<span class=\"elementor-headline-dynamic-text\">\n\t\t\t\tWhatShapp&nbsp;Hatt\u0131m\u0131zdan&nbsp;Bize&nbsp;ula\u015f\u0131n\u0131z.\t\t\t<\/span>\n\t\t\t\t\t\t<\/span>\n\t\t\t\t<\/h3>\n\t\t\t\t<\/div>\n\t\t\t\t<\/div>\n\t\t\t\t\t<\/div>\n\t\t<\/div>\n\t\t\t\t\t<\/div>\n\t\t<\/section>\n\t\t\t\t<section class=\"elementor-section elementor-top-section elementor-element elementor-element-a7a05e4 elementor-section-stretched elementor-section-boxed elementor-section-height-default elementor-section-height-default\" data-id=\"a7a05e4\" data-element_type=\"section\" data-settings=\"{&quot;stretch_section&quot;:&quot;section-stretched&quot;,&quot;background_background&quot;:&quot;classic&quot;}\">\n\t\t\t\t\t\t<div class=\"elementor-container elementor-column-gap-default\">\n\t\t\t\t\t<div class=\"elementor-column elementor-col-50 elementor-top-column elementor-element elementor-element-b90eb13\" data-id=\"b90eb13\" data-element_type=\"column\">\n\t\t\t<div class=\"elementor-widget-wrap elementor-element-populated\">\n\t\t\t\t\t\t<div class=\"elementor-element elementor-element-ce5515a elementor-widget elementor-widget-rt-title\" data-id=\"ce5515a\" data-element_type=\"widget\" data-widget_type=\"rt-title.default\">\n\t\t\t\t<div class=\"elementor-widget-container\">\n\t\t\t<div class=\"heading-default-layout heading-layout1new\">\t\t\t\n\t\t\t<div class=\"item-beforetitle item-subtitle\">METSAN ALUM\u0130NYUM<\/div>\t\t\n\t\t<h2 class=\"item-title\"> Hakk\u0131m\u0131zda  <\/h2>\n\t\t\t\t<p class=\"section-subtitle\">\u00dcretim s\u0131ras\u0131 ile Cnc i\u015flem, mekanik i\u015flem, polisaj ve eloksal i\u015flemlerinden fabrika i\u00e7inde ge\u00e7mektedir. Eloksal\u0131m\u0131z teknik eloksal olup, eloksal kalitesinin y\u00fcksek olmas\u0131 i\u00e7in \u00f6zel kimyasallar ve ozmos su sistemimizde kullan\u0131lmaktad\u0131r. \u00dcr\u00fcn kalitesini \u00f6n planda tutan firmam\u0131z eloksal tespit i\u015fleminde s\u0131cak tespit metodunu kullanmaktad\u0131r.<\/p>\n\t<\/div>\n\t\t<\/div>\n\t\t\t\t<\/div>\n\t\t\t\t<div class=\"elementor-element elementor-element-3804389 elementor-widget elementor-widget-rt-icon-list\" data-id=\"3804389\" data-element_type=\"widget\" data-widget_type=\"rt-icon-list.default\">\n\t\t\t\t<div class=\"elementor-widget-container\">\n\t\t\t\n<div class=\"about-info-list\">\n\t<ul class=\"about-info theme1\">\n\t\t\t\t\t<li>\n\t\t\t\t\t\t\t\tT\u00fcrkiye'nin Her yerine G\u00f6nderim\t\t\t<\/li>\n\t\t\t\t\t<li>\n\t\t\t\t\t\t\t\t\u00dccretsiz M\u00fc\u015fteri hizmetleri\t\t\t<\/li>\n\t\t\t\t\t<li>\n\t\t\t\t\t\t\t\t100% Kalite\t\t\t<\/li>\n\t\t\t\t\t<li>\n\t\t\t\t\t\t\t\t7 \/ 24 Teknik Destek Hizmeti\t\t\t<\/li>\n\t\t\t\t\t<li>\n\t\t\t\t\t\t\t\tM\u00fc\u015fteri Hizmetleri\t\t\t<\/li>\n\t\t\t\t\t<li>\n\t\t\t\t\t\t\t\tToplu Sipari\u015f Hizmeti\n\t\t\t<\/li>\n\t\t\t<\/ul>\n<\/div>\n\t\t<\/div>\n\t\t\t\t<\/div>\n\t\t\t\t<div class=\"elementor-element elementor-element-308a3d4 elementor-widget__width-initial elementor-widget elementor-widget-google_maps\" data-id=\"308a3d4\" data-element_type=\"widget\" data-widget_type=\"google_maps.default\">\n\t\t\t\t<div class=\"elementor-widget-container\">\n\t\t\t<style>\/*! elementor - v3.22.0 - 24-06-2024 *\/\n.elementor-widget-google_maps .elementor-widget-container{overflow:hidden}.elementor-widget-google_maps .elementor-custom-embed{line-height:0}.elementor-widget-google_maps iframe{height:300px}<\/style>\t\t<div class=\"elementor-custom-embed\">\n\t\t\t<iframe loading=\"lazy\"\n\t\t\t\t\tsrc=\"https:\/\/maps.google.com\/maps?q=Metsan%20Aluminyum%20Mardin&#038;t=m&#038;z=10&#038;output=embed&#038;iwloc=near\"\n\t\t\t\t\ttitle=\"Metsan Aluminyum Mardin\"\n\t\t\t\t\taria-label=\"Metsan Aluminyum Mardin\"\n\t\t\t><\/iframe>\n\t\t<\/div>\n\t\t\t\t<\/div>\n\t\t\t\t<\/div>\n\t\t\t\t\t<\/div>\n\t\t<\/div>\n\t\t\t\t<div class=\"elementor-column elementor-col-50 elementor-top-column elementor-element elementor-element-cc1ceaa animated-slow elementor-invisible\" data-id=\"cc1ceaa\" data-element_type=\"column\" data-settings=\"{&quot;background_background&quot;:&quot;classic&quot;,&quot;animation&quot;:&quot;fadeInUp&quot;}\">\n\t\t\t<div class=\"elementor-widget-wrap elementor-element-populated\">\n\t\t\t\t\t\t<div class=\"elementor-element elementor-element-10ef8d6 elementor-view-stacked elementor-widget__width-inherit elementor-absolute elementor-shape-circle elementor-widget elementor-widget-icon\" data-id=\"10ef8d6\" data-element_type=\"widget\" data-settings=\"{&quot;_position&quot;:&quot;absolute&quot;}\" data-widget_type=\"icon.default\">\n\t\t\t\t<div class=\"elementor-widget-container\">\n\t\t\t\t\t<div class=\"elementor-icon-wrapper\">\n\t\t\t<div class=\"elementor-icon\">\n\t\t\t<i aria-hidden=\"true\" class=\"far fa-edit\"><\/i>\t\t\t<\/div>\n\t\t<\/div>\n\t\t\t\t<\/div>\n\t\t\t\t<\/div>\n\t\t\t\t<div class=\"elementor-element elementor-element-c257b03 elementor-widget elementor-widget-rt-title\" data-id=\"c257b03\" data-element_type=\"widget\" data-widget_type=\"rt-title.default\">\n\t\t\t\t<div class=\"elementor-widget-container\">\n\t\t\t<div class=\"heading-default-layout heading-layout1\">\t\t\t\n\t\t<h2 class=\"item-title\"> Metsan Aluminyum \u0130leti\u015fim <\/h2>\n\t\t\t\t<p class=\"section-subtitle\">7 \/ 24 M\u00fc\u015fteri Hizmetlerimizden Teknik destek hizmeti alabilirsiniz.<\/p>\n\t<\/div>\n\t\t<\/div>\n\t\t\t\t<\/div>\n\t\t\t\t<div class=\"elementor-element elementor-element-1dde059 elementor-widget elementor-widget-shortcode\" data-id=\"1dde059\" data-element_type=\"widget\" data-widget_type=\"shortcode.default\">\n\t\t\t\t<div class=\"elementor-widget-container\">\n\t\t\t\t\t<div class=\"elementor-shortcode\">\n<div class=\"wpcf7 no-js\" id=\"wpcf7-f623-o1\" lang=\"en-US\" dir=\"ltr\">\n<div class=\"screen-reader-response\"><p role=\"status\" aria-live=\"polite\" aria-atomic=\"true\"><\/p> <ul><\/ul><\/div>\n<form action=\"\/v1\/wp-json\/wp\/v2\/pages\/18#wpcf7-f623-o1\" method=\"post\" class=\"wpcf7-form init\" aria-label=\"Contact form\" novalidate=\"novalidate\" data-status=\"init\">\n<div style=\"display: none;\">\n<input type=\"hidden\" name=\"_wpcf7\" value=\"623\" \/>\n<input type=\"hidden\" name=\"_wpcf7_version\" value=\"5.9.8\" \/>\n<input type=\"hidden\" name=\"_wpcf7_locale\" value=\"en_US\" \/>\n<input type=\"hidden\" name=\"_wpcf7_unit_tag\" value=\"wpcf7-f623-o1\" \/>\n<input type=\"hidden\" name=\"_wpcf7_container_post\" value=\"0\" \/>\n<input type=\"hidden\" name=\"_wpcf7_posted_data_hash\" value=\"\" \/>\n<\/div>\n<div class=\"contact-form-box-light\">\n\t<div class=\"row\">\n\t\t<div class=\"col-12 form-group\">\n\t\t\t<p><span class=\"wpcf7-form-control-wrap\" data-name=\"cname\"><input size=\"40\" maxlength=\"400\" class=\"wpcf7-form-control wpcf7-text wpcf7-validates-as-required form-control\" aria-required=\"true\" aria-invalid=\"false\" placeholder=\"Ad Soyad *\" value=\"\" type=\"text\" name=\"cname\" \/><\/span>\n\t\t\t<\/p>\n\t\t<\/div>\n\t\t<div class=\"col-12 form-group\">\n\t\t\t<p><span class=\"wpcf7-form-control-wrap\" data-name=\"email\"><input size=\"40\" maxlength=\"400\" class=\"wpcf7-form-control wpcf7-email wpcf7-validates-as-required wpcf7-text wpcf7-validates-as-email form-control\" aria-required=\"true\" aria-invalid=\"false\" placeholder=\"E-mail *\" value=\"\" type=\"email\" name=\"email\" \/><\/span>\n\t\t\t<\/p>\n\t\t<\/div>\n\t\t<div class=\"col-12 form-group\">\n\t\t\t<p><span class=\"wpcf7-form-control-wrap\" data-name=\"phone\"><input size=\"40\" maxlength=\"400\" class=\"wpcf7-form-control wpcf7-text wpcf7-validates-as-required form-control\" aria-required=\"true\" aria-invalid=\"false\" placeholder=\"Telefon Numaras\u0131 *\" value=\"\" type=\"text\" name=\"phone\" \/><\/span>\n\t\t\t<\/p>\n\t\t<\/div>\n\t\t<div class=\"col-12 form-group\">\n\t\t\t<p><span class=\"wpcf7-form-control-wrap\" data-name=\"address\"><input size=\"40\" maxlength=\"400\" class=\"wpcf7-form-control wpcf7-text wpcf7-validates-as-required form-control\" aria-required=\"true\" aria-invalid=\"false\" placeholder=\"Adresiniz*\" value=\"\" type=\"text\" name=\"address\" \/><\/span>\n\t\t\t<\/p>\n\t\t<\/div>\n\t\t<div class=\"col-12 form-group\">\n\t\t\t<p><span class=\"wpcf7-form-control-wrap\" data-name=\"textarea-744\"><textarea cols=\"40\" rows=\"10\" maxlength=\"2000\" class=\"wpcf7-form-control wpcf7-textarea\" aria-invalid=\"false\" placeholder=\"Mesaj\u0131n\u0131z\" name=\"textarea-744\"><\/textarea><\/span>\n\t\t\t<\/p>\n\t\t<\/div>\n\t\t<div class=\"col-12 form-group\">\n\t\t\t<p><input class=\"wpcf7-form-control wpcf7-submit has-spinner item-btn fw-btn-fill mg-t-10 bg-Primary text-textprimary disabled\" type=\"submit\" value=\"G\u00f6nder\" \/>\n\t\t\t<\/p>\n\t\t<\/div>\n\t<\/div>\n<\/div><div class=\"wpcf7-response-output\" aria-hidden=\"true\"><\/div>\n<\/form>\n<\/div>\n<\/div>\n\t\t\t\t<\/div>\n\t\t\t\t<\/div>\n\t\t\t\t\t<\/div>\n\t\t<\/div>\n\t\t\t\t\t<\/div>\n\t\t<\/section>\n\t\t\t\t<\/div>\n\t\t","protected":false},"excerpt":{"rendered":"<p>Metsan Aluminyum: Sipari\u015f&nbsp;Vermek&nbsp;i\u00e7in L\u00fcften&nbsp;Bizi&nbsp;Aray\u0131n. Gsm&nbsp;:&nbsp;0532&nbsp;498&nbsp;86&nbsp;91&nbsp; ya&nbsp;da&nbsp; WhatShapp&nbsp;Hatt\u0131m\u0131zdan&nbsp;Bize&nbsp;ula\u015f\u0131n\u0131z. METSAN ALUM\u0130NYUM Hakk\u0131m\u0131zda \u00dcretim s\u0131ras\u0131 ile Cnc i\u015flem, mekanik i\u015flem, polisaj ve eloksal i\u015flemlerinden fabrika i\u00e7inde ge\u00e7mektedir. Eloksal\u0131m\u0131z teknik eloksal olup, eloksal kalitesinin y\u00fcksek olmas\u0131 i\u00e7in \u00f6zel kimyasallar ve ozmos su sistemimizde kullan\u0131lmaktad\u0131r. \u00dcr\u00fcn kalitesini \u00f6n planda tutan firmam\u0131z eloksal tespit i\u015fleminde s\u0131cak tespit metodunu kullanmaktad\u0131r. T\u00fcrkiye&#8217;nin Her&#8230;<\/p>\n","protected":false},"author":1,"featured_media":0,"parent":0,"menu_order":0,"comment_status":"closed","ping_status":"closed","template":"elementor_header_footer","meta":{"footnotes":""},"class_list":["post-18","page","type-page","status-publish","hentry"],"_links":{"self":[{"href":"https:\/\/metsanaluminyum.com\/v1\/wp-json\/wp\/v2\/pages\/18","targetHints":{"allow":["GET"]}}],"collection":[{"href":"https:\/\/metsanaluminyum.com\/v1\/wp-json\/wp\/v2\/pages"}],"about":[{"href":"https:\/\/metsanaluminyum.com\/v1\/wp-json\/wp\/v2\/types\/page"}],"author":[{"embeddable":true,"href":"https:\/\/metsanaluminyum.com\/v1\/wp-json\/wp\/v2\/users\/1"}],"replies":[{"embeddable":true,"href":"https:\/\/metsanaluminyum.com\/v1\/wp-json\/wp\/v2\/comments?post=18"}],"version-history":[{"count":159,"href":"https:\/\/metsanaluminyum.com\/v1\/wp-json\/wp\/v2\/pages\/18\/revisions"}],"predecessor-version":[{"id":4699,"href":"https:\/\/metsanaluminyum.com\/v1\/wp-json\/wp\/v2\/pages\/18\/revisions\/4699"}],"wp:attachment":[{"href":"https:\/\/metsanaluminyum.com\/v1\/wp-json\/wp\/v2\/media?parent=18"}],"curies":[{"name":"wp","href":"https:\/\/api.w.org\/{rel}","templated":true}]}}